{"id":82,"date":"2026-03-26T06:26:17","date_gmt":"2026-03-26T06:26:17","guid":{"rendered":"https:\/\/poradna.surgalclinic.cz\/index.php\/poradna-i6q8g82m\/"},"modified":"2026-03-26T06:26:17","modified_gmt":"2026-03-26T06:26:17","slug":"poradna-i6q8g82m","status":"publish","type":"page","link":"https:\/\/poradna.surgalclinic.cz\/index.php\/poradna-i6q8g82m\/","title":{"rendered":"Webov\u00e1 poradna \u2013 Bariatrie (test)"},"content":{"rendered":"        <style>.entry-header,.entry-title{display:none !important;}<\/style>\n        <div class=\"sgc-wrap sgc-room-page sgc-mode-patient\" data-sgc-room data-room-id=\"16\" data-room-status=\"live\" data-doctor-online=\"0\" data-doctor-mode=\"0\">\n                        <div class=\"sgc-room-hero\">\n                <div class=\"sgc-header\">\n                    <div class=\"sgc-room-title-wrap\">\n                        <div class=\"sgc-room-kicker\">Webov\u00e1 poradna SurGal Clinic<\/div>\n                        <h1>Webov\u00e1 poradna \u2013 Bariatrie (test)<\/h1>\n                        <div class=\"sgc-meta sgc-room-meta\">\n                            <span class=\"sgc-badge sgc-live\" data-sgc-room-badge>Prob\u00edh\u00e1<\/span>\n                            <span>Start: 2026-03-26 08:00:00<\/span>                            <span>Konec: 2026-03-26 09:00:00<\/span>                            <span class=\"sgc-doctor-ind\" style=\"display:none;\"><\/span>\n                        <\/div>\n                    <\/div>\n                    <div class=\"sgc-room-header-actions\">\n                                                    <button type=\"button\" class=\"sgc-btn sgc-room-start\" data-sgc-open-join>Za\u010d\u00edt konverzaci<\/button>\n                                                                            <a href=\"#\" class=\"sgc-admin-open\" data-sgc-admin-open>Admin<\/a>\n                                            <\/div>\n                <\/div>\n\n                                    <div class=\"sgc-room-summary\">\n                        <div class=\"sgc-room-summary-item\"><strong>Soukrom\u011b<\/strong><span>Va\u0161e zpr\u00e1vy vid\u00ed pouze poradce.<\/span><\/div>\n                        <div class=\"sgc-room-summary-item\"><strong>Anonymn\u011b<\/strong><span>Sta\u010d\u00ed p\u0159ezd\u00edvka, bez registrace.<\/span><\/div>\n                        <div class=\"sgc-room-summary-item\"><strong>P\u0159ehledn\u011b<\/strong><span>Chat je hlavn\u00ed \u010d\u00e1st str\u00e1nky, informace jsou schovan\u00e9 pod tla\u010d\u00edtkem.<\/span><\/div>\n                    <\/div>\n                            <\/div>\n\n            <div class=\"sgc-join\" data-sgc-join style=\"display:none;\">\n                <div class=\"sgc-join-card\">\n                    <button type=\"button\" class=\"sgc-join-close\" data-sgc-join-close aria-label=\"Zav\u0159\u00edt\">&times;<\/button>\n                    <div class=\"sgc-join-title\">Zadejte pros\u00edm sv\u00e9 jm\u00e9no \/ pseudonym<\/div>\n                    <div class=\"sgc-muted sgc-join-sub\">P\u0159ezd\u00edvku m\u016f\u017eete kdykoliv zm\u011bnit zalo\u017een\u00edm nov\u00e9 konverzace. Ostatn\u00ed pacienti Va\u0161e zpr\u00e1vy neuvid\u00ed.<\/div>\n                    <div class=\"sgc-join-row\">\n                        <input type=\"text\" placeholder=\"Nap\u0159. Jan, Barbora, Mat\u011bj\" data-sgc-nick \/>\n                    <\/div>\n                    <div class=\"sgc-join-actions\">\n                        <button type=\"button\" class=\"sgc-btn sgc-btn-inline\" data-sgc-start>Pokra\u010dovat<\/button>\n                        <button type=\"button\" class=\"sgc-linkbtn\" data-sgc-start-anon>Pokra\u010dovat anonymn\u011b<\/button>\n                        <button type=\"button\" class=\"sgc-linkbtn\" data-sgc-join-close>Zav\u0159\u00edt<\/button>\n                    <\/div>\n                    <div class=\"sgc-muted\">Bez registrace. Uvid\u00edte pouze svou soukromou konverzaci s poradcem.<\/div>\n                <\/div>\n            <\/div>\n\n            <div class=\"sgc-chat sgc-patient\" data-sgc-patient style=\"display:block;;\">\n                <div class=\"sgc-chat-head\">\n                    <div>\n                        <strong>Soukrom\u00e1 konverzace<\/strong>\n                        <div class=\"sgc-muted\">Va\u0161e zpr\u00e1vy vid\u00ed pouze poradce.<\/div>\n                    <\/div>\n                    <div class=\"sgc-chat-tools\">\n                        <span class=\"sgc-pill\" data-sgc-docstate>\u2014<\/span>\n                        <span class=\"sgc-pill sgc-unread-pill\" data-sgc-patient-unread style=\"display:none;\">Nov\u00e1 odpov\u011b\u010f<\/span>\n                        <button type=\"button\" class=\"sgc-linkbtn\" data-sgc-copylink style=\"display:none;\">Zkop\u00edrovat m\u016fj odkaz<\/button>\n                    <\/div>\n                <\/div>\n                <div class=\"sgc-patient-prejoin\" data-sgc-prejoin>\n                    <div class=\"sgc-patient-prejoin-card\">\n                        <div class=\"sgc-patient-prejoin-title\">Je\u0161t\u011b jste neza\u010dali konverzaci<\/div>\n                        <div class=\"sgc-muted\">Nejd\u0159\u00edv si zvolte jm\u00e9no nebo anonymn\u00ed p\u0159ezd\u00edvku. Potom se V\u00e1m otev\u0159e soukrom\u00fd chat s poradcem.<\/div>\n                        <div class=\"sgc-patient-prejoin-actions\">\n                            <button type=\"button\" class=\"sgc-btn\" data-sgc-open-join>Za\u010d\u00edt konverzaci<\/button>\n                            <button type=\"button\" class=\"sgc-linkbtn\" data-sgc-toggle-intro>P\u0159e\u010d\u00edst informace o poradn\u011b<\/button>\n                        <\/div>\n                    <\/div>\n                <\/div>\n                <div class=\"sgc-messages\" data-sgc-messages><\/div>\n                <div class=\"sgc-patient-notice\" data-sgc-patient-notice style=\"display:none;\"><\/div>\n                <div class=\"sgc-compose\" data-sgc-patient-compose>\n                    <div class=\"sgc-compose-row\">\n                        <textarea rows=\"3\" placeholder=\"Napi\u0161te zpr\u00e1vu...\" data-sgc-text><\/textarea>\n                        <div class=\"sgc-compose-actions\">\n                            <button type=\"button\" class=\"sgc-btn\" data-sgc-send>Odeslat<\/button>\n                            <button type=\"button\" class=\"sgc-linkbtn sgc-reopen-btn\" data-sgc-reopen style=\"display:none;\">Znovu otev\u0159\u00edt chat<\/button>\n                        <\/div>\n                    <\/div>\n                    <div class=\"sgc-status\" data-sgc-status><\/div>\n                <\/div>\n            <\/div>\n\n            <div class=\"sgc-intro-wrap \">\n                <button type=\"button\" class=\"sgc-intro-toggle\" data-sgc-toggle-intro aria-expanded=\"false\">\n                    <span>O poradn\u011b a instrukce<\/span>\n                    <span class=\"sgc-intro-toggle-icon\">+<\/span>\n                <\/button>\n                <div class=\"sgc-intro \" data-sgc-intro-panel hidden>\n                    <p>V\u00edtejte ve webov\u00e9 poradn\u011b SurGal Clinic.<\/p>\n<p>Tato poradna je zam\u011b\u0159ena na dotazy pacient\u016f v r\u00e1mci osobn\u00ed zku\u0161enosti poradce po bariatrick\u00e9 operaci.<\/p>\n<p>Poradna je vhodn\u00e1 pro pacienty, kte\u0159\u00ed nad operac\u00ed zat\u00edm uva\u017euj\u00ed nebo ji ji\u017e absolvovali. Dotazy je mo\u017en\u00e9 pokl\u00e1dat anonymn\u011b.<\/p>\n<p>Poradna nenahrazuje osobn\u00ed l\u00e9ka\u0159skou konzultaci ani doporu\u010den\u00ed odborn\u00edk\u016f.<\/p>\n<p>Komunikujme pros\u00edm slu\u0161n\u011b a se vz\u00e1jemn\u00fdm respektem.<\/p>\n<p>V\u00e1\u0161 dotaz bude zodpov\u011bzen v nejbli\u017e\u0161\u00edm mo\u017en\u00e9m \u010dase.<\/p>\n                                    <\/div>\n            <\/div>\n\n            <div class=\"sgc-doctor sgc-doctor-full\" data-sgc-doctor style=\"display:none;\">\n                <div class=\"sgc-doctor-head sgc-doctor-head-compact\">\n                    <div class=\"sgc-doctor-title sgc-toolbar-title\">\n                        <strong>Poradce \u2013 Helpdesk<\/strong>\n                        <span class=\"sgc-muted\"> (jen pro p\u0159ihl\u00e1\u0161en\u00e9)<\/span>\n                    <\/div>\n                    <div class=\"sgc-toolbar-top-row\">\n                        <div class=\"sgc-toolbar-block sgc-toolbar-state\">\n                            <div class=\"sgc-toolbar-label\">Stav poradny<\/div>\n                            <div class=\"sgc-doctor-actions sgc-doctor-state-actions\">\n                                <button type=\"button\" class=\"sgc-linkbtn\" data-sgc-toggle-online>Na\u010d\u00edt\u00e1m stav poradce\u2026<\/button>\n                            <\/div>\n                        <\/div>\n                        <div class=\"sgc-toolbar-block sgc-toolbar-actions-wrap\">\n                            <div class=\"sgc-toolbar-label\">Ovl\u00e1d\u00e1n\u00ed poradny<\/div>\n                            <div class=\"sgc-doctor-actions sgc-toolbar-actions\">\n                                <button type=\"button\" class=\"sgc-linkbtn\" data-sgc-room-end>Ukon\u010dit poradnu<\/button>\n                                <button type=\"button\" class=\"sgc-linkbtn\" data-sgc-room-reopen>Znovu otev\u0159\u00edt poradnu<\/button>\n                                <button type=\"button\" class=\"sgc-linkbtn\" data-sgc-disconnect>Odpojit poradce<\/button>\n                                <button type=\"button\" class=\"sgc-linkbtn\" data-sgc-logout>Odhl\u00e1sit<\/button>\n                            <\/div>\n                        <\/div>\n                    <\/div>\n                <\/div>\n\n                <div class=\"sgc-inbox-toolbar sgc-toolbar-search-row\">\n                    <div class=\"sgc-toolbar-block sgc-toolbar-filters-wrap\">\n                        <div class=\"sgc-toolbar-label\">Filtr vl\u00e1ken<\/div>\n                        <div class=\"sgc-inbox-filters\"><span class=\"sgc-pill sgc-unread-total\" data-sgc-unread-total>0 nep\u0159e\u010dten\u00fdch<\/span>\n                            <button type=\"button\" class=\"sgc-filter active\" data-sgc-filter=\"all\">V\u0161e<\/button>\n                            <button type=\"button\" class=\"sgc-filter\" data-sgc-filter=\"new\">Nov\u00e9<\/button>\n                            <button type=\"button\" class=\"sgc-filter\" data-sgc-filter=\"active\">Aktivn\u00ed<\/button>\n                            <button type=\"button\" class=\"sgc-filter\" data-sgc-filter=\"waiting\">\u010cek\u00e1 na odpov\u011b\u010f<\/button>\n                            <button type=\"button\" class=\"sgc-filter\" data-sgc-filter=\"closed\">Uzav\u0159en\u00e9<\/button>\n                        <\/div>\n                    <\/div>\n                    <div class=\"sgc-toolbar-block sgc-toolbar-search-wrap\">\n                        <div class=\"sgc-toolbar-label\">Hled\u00e1n\u00ed<\/div>\n                        <div class=\"sgc-inbox-search-wrap\">\n                            <input type=\"text\" class=\"sgc-inbox-search\" data-sgc-search placeholder=\"Hledat pseudonym \/ text zpr\u00e1vy...\" \/>\n                        <\/div>\n                    <\/div>\n                <\/div>\n\n                <div class=\"sgc-helpdesk\">\n                    <div class=\"sgc-inbox\" data-sgc-inbox><\/div>\n                    <div class=\"sgc-thread\">\n                        <div class=\"sgc-thread-head\">\n                            <div>\n                                <strong data-sgc-thread-title>Vyberte pacienta<\/strong>\n                                <div class=\"sgc-muted\" data-sgc-thread-subtitle>Vlevo se zobrazuj\u00ed nov\u00e9, aktivn\u00ed a uzav\u0159en\u00e9 konverzace.<\/div>\n                                <div class=\"sgc-thread-meta\">\n                                    <span class=\"sgc-pill\" data-sgc-assigned-view>Nep\u0159i\u0159azeno<\/span>\n                                    <span class=\"sgc-pill sgc-wait-pill\" data-sgc-waiting style=\"display:none;\">\u010cek\u00e1 0 min<\/span>\n                                    <span class=\"sgc-pill sgc-typing-pill\" data-sgc-typing style=\"display:none;\">Pacient p\u00ed\u0161e\u2026<\/span><span class=\"sgc-pill sgc-unread-total\" data-sgc-thread-unread style=\"display:none;\">0 nov\u00fdch<\/span>\n                                    <button type=\"button\" class=\"sgc-linkbtn\" data-sgc-assign-self style=\"display:none;\">P\u0159i\u0159adit sob\u011b<\/button>\n                                <\/div>\n                            <\/div>\n                            <div>\n                                <button type=\"button\" class=\"sgc-linkbtn\" data-sgc-close style=\"display:none;\">Ukon\u010dit chat<\/button>\n                            <\/div>\n                        <\/div>\n                        <div class=\"sgc-messages\" data-sgc-admin-messages>\n                            <div class=\"sgc-empty-state\">Klikn\u011bte vlevo na konverzaci a otev\u0159e se cel\u00e9 vl\u00e1kno.<\/div>\n                        <\/div>\n                        <div class=\"sgc-compose sgc-compose-admin\">\n                            <div class=\"sgc-compose-section sgc-compose-section-quick\">\n                                <div class=\"sgc-compose-label\">Rychl\u00e9 odpov\u011bdi<\/div>\n                                <div class=\"sgc-quick-replies\">\n                                                                            <button type=\"button\" class=\"sgc-linkbtn sgc-qr\" data-sgc-quick=\"Pros\u00edme o chv\u00ed\u013eu strpenia.\">Pros\u00edme o chv\u00ed\u013eu strpenia.<\/button>\n                                                                            <button type=\"button\" class=\"sgc-linkbtn sgc-qr\" data-sgc-quick=\"Va\u0161u po\u017eiadavku evidujeme.\">Va\u0161u po\u017eiadavku evidujeme.<\/button>\n                                                                            <button type=\"button\" class=\"sgc-linkbtn sgc-qr\" data-sgc-quick=\"Porad\u0148a bola ukon\u010den\u00e1.\">Porad\u0148a bola ukon\u010den\u00e1.<\/button>\n                                                                    <\/div>\n                            <\/div>\n                            <div class=\"sgc-compose-section sgc-compose-section-reply\">\n                                <div class=\"sgc-compose-label\">Odpov\u011b\u010f pacientovi<\/div>\n                                <textarea rows=\"3\" placeholder=\"Napi\u0161te odpov\u011b\u010f pacientovi...\" data-sgc-admin-text><\/textarea>\n                            <\/div>\n                            <div class=\"sgc-compose-section sgc-note-wrap\">\n                                <div class=\"sgc-compose-label\">Intern\u00ed pozn\u00e1mka poradce<\/div>\n                                <textarea rows=\"3\" placeholder=\"Intern\u00ed pozn\u00e1mka \u2013 pacient ji neuvid\u00ed.\" data-sgc-admin-note><\/textarea>\n                                <button type=\"button\" class=\"sgc-linkbtn sgc-note-save\" data-sgc-save-note>Ulo\u017eit pozn\u00e1mku<\/button>\n                            <\/div>\n                            <button type=\"button\" class=\"sgc-btn\" data-sgc-admin-send>Odeslat odpov\u011b\u010f<\/button>\n                            <div class=\"sgc-status\" data-sgc-admin-status>Aktivn\u00ed vl\u00e1kno se obnovuje ka\u017edou 1 s, inbox p\u0159ibli\u017en\u011b ka\u017ed\u00e9 4 s.<\/div>\n                        <\/div>\n                    <\/div>\n                <\/div>\n            <\/div>\n\n                    <style>.entry-header,.entry-title{display:none !important;}<\/style>\n        <div class=\"sgc-modal\" data-sgc-admin-modal style=\"display:none;\">\n            <div class=\"sgc-modal-backdrop\" data-sgc-admin-close><\/div>\n            <div class=\"sgc-modal-card\">\n                <div class=\"sgc-modal-head\">\n                    <strong>Admin p\u0159ihl\u00e1\u0161en\u00ed<\/strong>\n                    <button class=\"sgc-x\" data-sgc-admin-close>&times;<\/button>\n                <\/div>\n                <div class=\"sgc-modal-body\">\n                    <div class=\"sgc-muted\">P\u0159ihl\u00e1\u0161en\u00ed prob\u00edh\u00e1 p\u0159es AD (LDAP). Mus\u00edte b\u00fdt ve skupin\u011b <code>SGC_WEB_Online_Acess<\/code>.<\/div>\n                    <label>U\u017eivatel<\/label>\n                    <input type=\"text\" data-sgc-admin-user placeholder=\"nap\u0159. jnovak \/ jan.novak@surgalclinic.cz\" \/>\n                    <label>Heslo<\/label>\n                    <input type=\"password\" data-sgc-admin-pass \/>\n                    <button type=\"button\" class=\"sgc-btn\" data-sgc-admin-login>P\u0159ihl\u00e1sit<\/button>\n                    <div class=\"sgc-status\" data-sgc-admin-status><\/div>\n                    <div class=\"sgc-muted\">Spr\u00e1va poraden je tak\u00e9 ve WP administraci (IT): <a href=\"https:\/\/poradna.surgalclinic.cz\/wp-admin\/admin.php?page=sgc-online-poradne\">Online Poradne<\/a><\/div>\n                <\/div>\n            <\/div>\n        <\/div>\n                <\/div>\n        \n","protected":false},"excerpt":{"rendered":"","protected":false},"author":1,"featured_media":0,"parent":0,"menu_order":0,"comment_status":"closed","ping_status":"closed","template":"","meta":{"site-sidebar-layout":"default","site-content-layout":"","ast-site-content-layout":"default","site-content-style":"default","site-sidebar-style":"default","ast-global-header-display":"","ast-banner-title-visibility":"","ast-main-header-display":"","ast-hfb-above-header-display":"","ast-hfb-below-header-display":"","ast-hfb-mobile-header-display":"","site-post-title":"","ast-breadcrumbs-content":"","ast-featured-img":"","footer-sml-layout":"","ast-disable-related-posts":"","theme-transparent-header-meta":"","adv-header-id-meta":"","stick-header-meta":"","header-above-stick-meta":"","header-main-stick-meta":"","header-below-stick-meta":"","astra-migrate-meta-layouts":"default","ast-page-background-enabled":"default","ast-page-background-meta":{"desktop":{"background-color":"var(--ast-global-color-5)","background-image":"","background-repeat":"repeat","background-position":"center center","background-size":"auto","background-attachment":"scroll","background-type":"","background-media":"","overlay-type":"","overlay-color":"","overlay-opacity":"","overlay-gradient":""},"tablet":{"background-color":"","background-image":"","background-repeat":"repeat","background-position":"center center","background-size":"auto","background-attachment":"scroll","background-type":"","background-media":"","overlay-type":"","overlay-color":"","overlay-opacity":"","overlay-gradient":""},"mobile":{"background-color":"","background-image":"","background-repeat":"repeat","background-position":"center center","background-size":"auto","background-attachment":"scroll","background-type":"","background-media":"","overlay-type":"","overlay-color":"","overlay-opacity":"","overlay-gradient":""}},"ast-content-background-meta":{"desktop":{"background-color":"var(--ast-global-color-4)","background-image":"","background-repeat":"repeat","background-position":"center center","background-size":"auto","background-attachment":"scroll","background-type":"","background-media":"","overlay-type":"","overlay-color":"","overlay-opacity":"","overlay-gradient":""},"tablet":{"background-color":"var(--ast-global-color-4)","background-image":"","background-repeat":"repeat","background-position":"center center","background-size":"auto","background-attachment":"scroll","background-type":"","background-media":"","overlay-type":"","overlay-color":"","overlay-opacity":"","overlay-gradient":""},"mobile":{"background-color":"var(--ast-global-color-4)","background-image":"","background-repeat":"repeat","background-position":"center center","background-size":"auto","background-attachment":"scroll","background-type":"","background-media":"","overlay-type":"","overlay-color":"","overlay-opacity":"","overlay-gradient":""}},"footnotes":""},"class_list":["post-82","page","type-page","status-publish","hentry"],"_links":{"self":[{"href":"https:\/\/poradna.surgalclinic.cz\/index.php\/wp-json\/wp\/v2\/pages\/82","targetHints":{"allow":["GET"]}}],"collection":[{"href":"https:\/\/poradna.surgalclinic.cz\/index.php\/wp-json\/wp\/v2\/pages"}],"about":[{"href":"https:\/\/poradna.surgalclinic.cz\/index.php\/wp-json\/wp\/v2\/types\/page"}],"author":[{"embeddable":true,"href":"https:\/\/poradna.surgalclinic.cz\/index.php\/wp-json\/wp\/v2\/users\/1"}],"replies":[{"embeddable":true,"href":"https:\/\/poradna.surgalclinic.cz\/index.php\/wp-json\/wp\/v2\/comments?post=82"}],"version-history":[{"count":0,"href":"https:\/\/poradna.surgalclinic.cz\/index.php\/wp-json\/wp\/v2\/pages\/82\/revisions"}],"wp:attachment":[{"href":"https:\/\/poradna.surgalclinic.cz\/index.php\/wp-json\/wp\/v2\/media?parent=82"}],"curies":[{"name":"wp","href":"https:\/\/api.w.org\/{rel}","templated":true}]}}